 is the units digit of i?
5
Suppose -7*t = 402 - 1172. Suppose -4*n + t = -22. What is the units digit of n?
3
Let f = 414 + 231. What is the hundreds digit of f?
6
Let j(d) = d - 10. Let c be j(-10). Let k be 16/c - 126/5. Let h = -19 - k. What is the units digit of h?
7
Let a(b) = -b + 1. Let i be a(-1). Suppose 9*v = 8*v - i. What is the units digit of 2 + (v - (-9 + 0))?
9
Let k(r) = -9*r**2 + 21*r + 71. Let h(m) = -22*m**2 + 52*m + 178. Let v(n) = -5*h(n) + 12*k(n). What is the units digit of v(14)?
2
Suppose 0 = -62*b + 66*b + 1892. Let j = -300 - b. What is the hundreds digit of j?
1
Suppose -2591 = -2*l + 1891. What is the hundreds digit of l?
2
What is the hundreds digit of (-26)/(-117) + 4928/18?
2
What is the hundreds digit of (-1418835)/(-330) + 5/(-2)?
2
Let l be (1/(-2))/((-2)/(-12)). Let g(v) = 3*v - 1. Let d(f) = 8*f - 3. Let r(x) = -2*d(x) + 5*g(x). What is the units digit of r(l)?
4
Let z = -7 - -10. Suppose 7*s - 160 = z*s. What is the tens digit of s?
4
Let l(s) = s**3 + 5*s**2 - 6*s + 3. Let z be l(-6). Suppose -2*m = -13 + z. Suppose -m*c + 8*c = 33. What is the tens digit of c?
1
What is the tens digit of (116 - -11) + 2*(-3)/6?
2
What is the units digit of (8 + -12 - -19)*307?
5
Suppose -3*w = 2*w + 10, -2*j + w + 74 = 0. What is the units digit of j?
6
Suppose 237 + 433 = -a. What is the tens digit of ((-11)/((-385)/28))/((-4)/a)?
3
Suppose -48*p - 46*p = -273916. What is the tens digit of p?
1
Suppose 5*s - 2*s + 2*k = 1207, -s = 3*k - 407. What is the tens digit of s?
0
Suppose -59 + 63 = -m. What is the hundreds digit of 0 + (2 - -130) + (m - 0)?
1
Suppose -3*w + 22 - 4 = 0. Suppose 4*t - 232 = -4*x, 302 = w*t - t + x. Suppose -4*u = 5*h - 0*h - 99, 3*h - t = -2*u. What is the units digit of h?
3
Suppose 0 = 2*b - 521 - 1337. What is the units digit of b?
9
Suppose 5*l - 4*g - 60 = 4*l, -3*g = 12. Suppose 0 = -6*z + 8*z - l. What is the units digit of z?
2
Suppose 585 = 4*z + 4*u - 191, -2*z + 2*u = -392. What is the tens digit of z?
9
Let p be 4*(1194/12 - 6/2). Suppose -3*o + 3*j + 218 = -2*j, -p = -5*o - 3*j. What is the units digit of o?
6
Suppose 0 = 2*f + 7*f + 2565. Let q = f + 435. What is the units digit of q?
0
Suppose 6*b - 543 - 3855 = 0. What is the tens digit of b?
3
What is the hundreds digit of (-3688)/56*(-6 + -1)?
4
Suppose 0 = 203*b - 208*b + 1140. What is the hundreds digit of b?
2
Let k(q) = 5*q - 1. Let z = -46 - -55. What is the tens digit of k(z)?
4
Suppose -6*k + 76 = -2*k. Let q = 7 + k. Let o = 45 - q. What is the units digit of o?
9
Let h(f) = 0 + 5 + 38*f**3 - f**2 - 37*f**3 + f. Let p be h(0). Suppose p*b - 3*b - 6 = 0. What is the units digit of b?
3
Suppose -5*l - p + 1050 + 3433 = 0, 4*p + 1780 = 2*l. What is the hundreds digit of l?
8
Let n be (24/(-15))/(3/(-120)). Suppose t + d - n = -3*d, 0 = -t - 2*d + 72. What is the units digit of t?
0
Let g = 524 - 201. What is the hundreds digit of g?
3
Suppose 3*a = -h - 32, 2*h - 5*h - 5*a = 108. Let d = h - -72. Let u = -17 + d. What is the tens digit of u?
1
Suppose -15*g + 4339 = 5*i - 11*g, 0 = 3*g + 12. What is the hundreds digit of i?
8
Suppose -8*k + 3*k + 20 = 0, 0 = 5*s + 3*k + 78. Let o = -34 - s. What is the units digit of -4*17*4/o?
7
Suppose -4*g + 0 = 4, 2*g - 32 = 2*p. Let c(o) = o**3 + 17*o**2 - o - 1. What is the units digit of c(p)?
6
What is the units digit of 3/(-6) - (-1815)/6?
2
Let v(c) = 4429*c**2 + c + 3. What is the tens digit of v(1)?
3
Suppose 0 = 11*d - 8530 - 12425. What is the tens digit of d?
0
Let p = -84 - -88. Suppose 0 = -3*u + c + 215, 2*c - 5*c = -p*u + 295. What is the tens digit of u?
7
Let c = 55 - 35. Suppose 8*a - 4*a = -c, 2*x - 161 = 5*a. What is the units digit of x?
8
Suppose -4*h = -4*k + 32, 3*h - 4*h = 5*k - 16. Suppose 0 = -k*d - 0*d + 384. What is the tens digit of d?
9
Suppose -11*m = -21*m + 12320. What is the thousands digit of m?
1
What is the units digit of (1200/(-70))/((-435)/(-147) - 3)?
0
Let s = 20 - 26. What is the units digit of (-6539)/(-78) + ((-2)/2)/s?
4
Suppose -4*p + 452 - 36 = 0. Suppose d - p = -d. Let b = d + -30. What is the units digit of b?
2
Let b be 8/(-12) + ((-476)/6 - -1). Let d = b + 123. What is the units digit of d?
4
Suppose -g = -73 - 39. Suppose 30 = 2*t - g. What is the tens digit of t?
7
Suppose 4*o - 19*o + 540 = 0. What is the units digit of o?
6
Let p(x) = 3*x**2 - 9*x - 65. What is the units digit of p(-13)?
9
Suppose 0 = -2*a + 3*a + 4. What is the tens digit of 50 + 3/6*a?
4
Let c(f) = 15*f + 251. What is the units digit of c(-16)?
1
Let x(l) = 135*l - 185. What is the thousands digit of x(13)?
1
Let u(z) = -z**2 + 6*z + 7. Let f(d) = -2*d**2 + 11*d + 13. Let p(r) = -6*f(r) + 11*u(r). Let y be p(-2). Suppose -y*m = -4*m + 23. What is the tens digit of m?
2
Suppose -y + 17 = -7. What is the units digit of 3*26/y*28?
1
What is the units digit of (5 + -4)*(-7)/(-1)?
7
Let y(r) = -3*r**2 + 3*r + 8. Let s be y(-2). Let m(n) = -5*n - 31. What is the units digit of m(s)?
9
Suppose 24*x = 1350 + 1362. What is the units digit of x?
3
Let t(i) = i**2 + 11*i - 64. What is the tens digit of t(11)?
7
Suppose 3 = -2*p - 1, 5*h + p = 298. Let s be (20/h)/(2/24). Suppose -s*d = -3*o - 50 - 27, 21 = d + o. What is the units digit of d?
0
Suppose 64*r - 58*r = 31464. What is the tens digit of r?
4
Let l(u) = 50*u**2 - u - 13. Let k be l(-3). Suppose -5*j = -115 - k. What is the units digit of j?
1
Let h be (-3)/(-6*(-2)/(-80)). Let l(q) = -7*q**2 - 1 - 2*q + h*q**2 + 15*q**2 + 2*q**2. What is the units digit of l(-1)?
1
Let m be 1/(4 + (-1 - 2)). Let h = m + 24. What is the tens digit of (-2)/5*h/(-1)?
1
Suppose -7103 = -7*z + 10327. What is the tens digit of z?
9
Let p(f) = -2*f**3 + 6*f**2 - 3*f + 12. Let n be p(5). Let k = -56 - n. What is the tens digit of k?
4
Let l be 8/14*8/((-16)/(-14)). Suppose -4*s - 4*m + 900 = 0, -l*m - m + 459 = 2*s. What is the tens digit of s?
2
Let u(a) = a - 5. Let v be u(10). Let h = v - 3. What is the units digit of h + -1 + (-5 - -13)?
9
Suppose -161*m = -166*m + 170. What is the units digit of m?
4
Suppose -4*s + 2*h = -8, 3*s + 2*s + 3*h = -1. Let m be (s + 224)*(-4)/10. What is the units digit of m/(-8) + 5/(-20)?
1
Suppose 62 = 5*t + 57. What is the hundreds digit of 2 + 7070/25 + t/5?
2
Suppose -106 = 4*d - 4*z - 10, 0 = 4*d + 3*z + 117. Let x = 21 - d. What is the units digit of x?
8
Suppose y + 0*y + 5*o = -16, 5*o = -5*y. Suppose -z - 2*k = -k - 1, -y*z + 36 = -4*k. Suppose -z*w + w + 160 = 0. What is the units digit of w?
0
Let w(z) be the second derivative of -z**4/12 + 3*z**3/2 - 13*z**2/2 + z. Let i(q) = 2*q - 11. Let c be i(9). What is the units digit of w(c)?
1
What is the tens digit of (5913/(-45))/((-45)/300)?
7
Let w(z) = z**3 - 8*z**2 - 17*z - 15. Let s(f) = -2*f**3 + 16*f**2 + 35*f + 31. Let i(k) = 2*s(k) + 5*w(k). What is the units digit of i(11)?
5
Suppose m = -0*m - 0*m. Suppose -y + 43 + 11 = m. What is the tens digit of y?
5
Let s(p) = p + 11. Let n be s(-9). Suppose -2*m + n*t + 12 = -m, 2*m = -4*t. What is the tens digit of (116/m)/(10/15)?
2
Suppose -9815 = -515*m + 510*m. What is the thousands digit of m?
1
Suppose 0 = 2*j - 3*w - 2*w - 13, 0 = -3*j - 2*w + 29. Suppose -3*x = -237 - j. What is the units digit of x?
2
What is the tens digit of 3/4*(-12232)/(-66)?
3
Let z be ((-2)/(-5))/(2/130). Suppose 4*l - 3*r - z = -r, 4*r = -5*l + 13. Suppose -53 = -2*v - 4*n + 69, v + l*n - 67 = 0. What is the units digit of v?
7
Let l(v) = 6*v - 11. Let u be l(3). Suppose -u*n - 1008 = -14*n. What is the tens digit of n?
4
Let u = -47 + 54. What is the units digit of u?
7
Suppose -2*u - 522 = -2*h, -3*h - 2*u = -406 - 397. Suppose h = 2*l - 269. What is the hundreds digit of l?
2
Let j(m) = m**3 - m**2 + 2*m + 186. Let z be j(0). Let w = z + -112. Suppose -4*a = -w - 62. What is the tens digit of a?
3
Suppose 0 = -4*v + 219 + 809. What is the hundreds digit of v?
2
Let m(a) = 12*a**2 + a - 3. Suppose 0 = -26*y + 25*y + 3. What is the units digit of m(y)?
8
Let l = -45 + 73. Suppose j - l = 149. What is the units digit of j?
7
What is the thousands digit of (4804/(-28))/(1/(-14)*2)?
1
Let v(p) be the first derivative of 3*p**2/2 + 32*p - 30. What is the units digit of v(-4)?
0
Let z(d) = d**2 - 8*d - 1. Supp